?
7
Let c = 76505 + -15667. What is the thousands digit of c?
0
Let d(m) = -2*m**2 - 69*m + 37. Let u(x) = -x**3 + 11*x**2 + 10*x - 5. Let h be u(12). What is the units digit of d(h)?
6
What is the hundreds digit of 22/(-55) - ((-251588)/20 + 2)?
5
Suppose -172*z + 402819 + 1266613 = 0. What is the tens digit of z?
0
Let j = 8529 - 1641. What is the hundreds digit of j?
8
Let g(d) = -7*d + 27. Let s = -103 - -80. Let f be (s/(-5) + -1)/(3/(-10)). What is the hundreds digit of g(f)?
1
What is the thousands digit of ((-746145)/162)/(3/(-18))?
7
Suppose -y + 20*y - 2223 = 0. Suppose -y*o - 32 = -121*o. What is the units digit of o?
8
Let d(q) = -110*q - 148. What is the tens digit of d(-23)?
8
Suppose -94*d + 108*d = -3486. Let i = -32 - d. What is the tens digit of i?
1
Let z(s) = 13. Let i(j) = -j. Let h(q) = -3*i(q) - z(q). Let m be h(6). Suppose m*o + 118 = 5*f - 3*f, -29 = -f - 5*o. What is the tens digit of f?
4
Let z = 2261 + 482. What is the thousands digit of z?
2
Let k(x) = 3*x**2 + 20*x - 7. Let i be k(-7). Suppose -4*h - 5*s + 5965 = i, 306 + 1187 = h + 3*s. What is the tens digit of h?
9
Suppose -7706 = -25*j + 3519. What is the tens digit of j?
4
Suppose 9*k - 21 - 15 = 0. What is the units digit of k - (40/(-140) - (-15774)/(-14))?
1
What is the thousands digit of (-6)/10 - (8 + 323080/(-50))?
6
Suppose 14*r - 12*r = -6. Let c(i) = -9*i - 25. Let p be c(r). What is the hundreds digit of (-1648)/(-12) - p/(-3)?
1
What is the units digit of (2/7)/(92/2840362)?
1
Suppose 113 - 37 = -4*z. Let n = z + 23. Suppose 0*y = y - n. What is the units digit of y?
4
Suppose 136 = 3*g + 127. Let v(l) = 4*l**2 + 10*l - 3. Let n be v(-7). Suppose -g*z + n = -2*z. What is the hundreds digit of z?
1
Suppose 5*r = 3*g + 13313, 2850 = r + g + 189. What is the thousands digit of r?
2
Let q(g) = g**3 - 11*g**2 + 5. Let s be q(11). Suppose 0 = 2*o + 2*k - 556, s*o - 458 = -2*k + 923. What is the hundreds digit of o?
2
Let a(p) = -36*p**3 - 61 + 271 + 37*p**3. What is the units digit of a(0)?
0
Let c(n) = -n**2 + 20*n. Suppose -2*q + 60 = -5*g, q - 32 + 3 = 2*g. Let l = q - 20. What is the units digit of c(l)?
5
Suppose 0 = -14*p + 10*p + 6*d + 58346, -4*p + 5*d + 58339 = 0. What is the units digit of p?
6
Let b(z) = 11*z + 357. Suppose -6*q = -18*q - 300. What is the units digit of b(q)?
2
Let f(o) = -13*o + 2. Let r be f(-8). What is the hundreds digit of 5/2*r - (4 + -1)?
2
Suppose -4*h = 3*j - 4, 2*h = h + 4. Let i(u) = -185*u - 17. What is the hundreds digit of i(j)?
7
Suppose -3*j + v + 0 = -18, 3*v + 14 = j. Suppose -882 - 413 = -j*n. What is the hundreds digit of n?
2
Let v = -46374 + 65202. What is the units digit of (-2 + -3)/((-90)/v)?
6
Suppose 5 = -s, -2*c + 2*s = -18 - 0. Suppose c*y - 2*p + 4*p - 2204 = 0, -2208 = -4*y - p. What is the tens digit of y?
5
Suppose 3*x = -x + 3*m + 3322, 3*x - 2*m - 2491 = 0. Let k = 1011 - x. What is the units digit of k?
2
Let c = 1036 - 447. Let i = 1806 - c. What is the tens digit of i?
1
Suppose 0 = 5*b + r - 28, 0 = 2*b - 2*r + r - 7. Let k be (56/(-16)*116)/((-4)/6). Suppose 2*p = -b*a + k, 2*p = -2*a - 0*p + 246. What is the units digit of a?
1
Let b be (-14)/70 + (-162)/20*-12. Let r = b - 116. Let v = 84 + r. What is the units digit of v?
5
Suppose 0 = -2*y + 5*i + 1, 3*y = -y - 2*i + 62. Let s(p) = p**2 + 8*p - 31. Let c be s(y). Let l = -168 + c. What is the units digit of l?
4
Let o be (2/(-8) - (-7505)/20) + 3. Suppose 762 = 4*k - 5*d - 759, -k = d - o. What is the tens digit of k?
7
Let k(b) = -b**3 + 7*b**2 - 7*b - 14. Let r be k(6). What is the hundreds digit of (r - -22)*(-466)/(-4)?
2
Let l(h) = 2*h**2 + 4*h + 2. Let y = -29 + 32. Let b(g) = -g**2 - 2*g - 1. Let c(x) = y*l(x) + 5*b(x). What is the units digit of c(-5)?
6
Let s(q) = 2*q**3 - 92*q**2 + 2*q - 90. Let u be s(46). What is the tens digit of (-4 - 7)*u/(-11) + 525?
2
Let k(a) = 5 + 2*a**2 - 6 - a + 19*a. Let q be ((-1)/(-3))/((-6)/198). What is the units digit of k(q)?
3
Let x(k) = -6*k**3 - 7*k**2 - k + 17. Let r = 67 + -71. What is the tens digit of x(r)?
9
Let t(m) = 607*m**3 - 7*m**2 - 4*m + 4. What is the hundreds digit of t(4)?
7
Let x be 2/(-4) + (-58028)/8. Suppose 9*h - 19*h - 40 = 0. What is the tens digit of h/(-14) + x/(-91)?
8
Let m(g) = 41*g**2 + 30*g + 619. What is the hundreds digit of m(31)?
9
Let d(y) = -2*y - 13. Let o be (51/(-68))/(2/24). Let m be d(o). Suppose 0 = g + x - 49 + 3, -m*g - 3*x + 240 = 0. What is the units digit of g?
1
Let c be -102*2/(-12) + 0 + -4. Suppose 0 = -2*i + 3*k + c + 13, -i + 18 = k. What is the units digit of i?
6
Suppose 5*n - 12482 = -p, -3*p = -2*n - 39688 + 2276. What is the ten thousands digit of p?
1
Let t(s) = 5088*s**2 + 9 - 5088*s**2 + 2*s**3 - 3*s. What is the units digit of t(2)?
9
Suppose -5*b + 6 = -4*a, -b + 13 = 2*a + 9. What is the units digit of a/((-33)/(-46029)) - (-12)/66?
5
Let j = 37973 - -31701. What is the ten thousands digit of j?
6
Let z = 12436 + -8878. What is the hundreds digit of z?
5
Suppose 4*x = -c - 2 - 13, c + 5*x = -14. What is the units digit of 5/(30/(-464))*(c - -16)?
2
Let z(k) = -k + 38. Let j be z(24). Suppose 2*d + j = d. Let p(a) = a + 32. What is the units digit of p(d)?
8
Suppose 5 = 45*b - 44*b, 0 = -s + 5*b + 17581. What is the tens digit of s?
0
Suppose -5*w - 20 = 0, 5 + 3 = -5*s - 2*w. Let k(d) = -d**2 + 3*d + 167. Let h be k(s). Suppose -517 = -4*o + h. What is the tens digit of o?
7
Let k = 19895 + -11653. What is the thousands digit of k?
8
Let d(w) = 588*w**2 - 6*w + 6. Let t be d(1). Suppose -4*a = l - 165, a + 4 = 4*l - t. What is the tens digit of l?
4
Suppose 0 = t - 4223 - 5952. Suppose -40*o - t = -51*o. What is the hundreds digit of o?
9
Let t = 64769 + -29287. What is the thousands digit of t?
5
Let x(n) = 8*n**2 + 30*n + 30. Let i be x(-1). Suppose 2*p = 5*q - 50, 4*p - 24 = -5*q + 26. What is the units digit of q/1*4/i?
5
Let a = 2077 + -481. What is the tens digit of a?
9
Let y(a) = 2*a + 32. Let i be y(-8). Let h = i - -1. Suppose h*o - 72 = 14*o. What is the units digit of o?
4
Let g(u) = 21*u**2 + 63*u + 34. What is the tens digit of g(7)?
0
Let y(j) = 3*j**2 - 4*j + 23. Let s be y(3). What is the tens digit of s/190 + (-12248)/(-10)?
2
Suppose -3 = 5*b + 2*g - 68, 5*g = -4*b + 35. Let p be ((-24)/(-10))/(-3)*b/6. What is the units digit of (258/4)/((p + -1)/(-6))?
9
Let u(f) = -9*f - 7 - 15 + 5*f + 4. Let b be u(-6). Suppose 0 = 7*y - b*y - 13. What is the units digit of y?
3
What is the units digit of (7 - (-1629 - 13)) + -6?
3
Let b(d) = 53*d**3 + 22*d**2 + 42*d + 128. What is the units digit of b(8)?
8
Let h = 5961 - 3183. Suppose -3*r = 4*c - 5*r - h, 0 = 5*c - 3*r - 3472. Suppose -156*g = -151*g - c. What is the hundreds digit of g?
1
What is the thousands digit of (-102679)/2*356/(-1958) + 12/22?
9
Suppose -36*l + 39553 = -18*l - 142301. What is the hundreds digit of l?
1
Suppose 4*d - 774 = -2*b + 2*d, b = -3*d + 383. Suppose -4*y = 3*m - b, 0 = -5*y - 9*m + 8*m + 478. What is the tens digit of y?
9
Suppose 1998 = 4*v + 2*v. Suppose v = s + 88. Suppose 4*g - s = 59. What is the tens digit of g?
7
Let o be 1 - (43/(-1) - 0)/1. Let p = -33 + o. What is the units digit of (-1 - p/(-4))*(11 - -9)?
5
Let s = -699 - -704. Suppose -l + 3*l - 3*m = 2473, -s*l + 6177 = -2*m. What is the hundreds digit of l?
2
Let o(r) = r**2 - 13*r - 16. Let c be o(14). Let i(g) = g**2 - 5*g - 7. What is the units digit of i(c)?
7
Suppose 29*u = 5*u + 183888 + 66168. What is the thousands digit of u?
0
Suppose 3*w - 2*s - 19715 = 0, 153 = -5*w - s + 33020. What is the hundreds digit of w?
5
Suppose 14*x - 14882 = 34594. Suppose -26*h + x + 9674 = 0. What is the tens digit of h?
0
What is the units digit of (1*-3)/(40/(29272640/(-102)))?
4
Suppose 3*j = -x + 5, -5*j + 3746*x - 3747*x + 9 = 0. What is the units digit of j?
2
Let d(t) = -301*t - 104. Let w be d(12). What is the units digit of (w/14)/((-10)/35)?
9
Suppose 0 = -16*p + 15*p + 20. Suppose 0 = -6*t + 686 - p. What is the units digit of t?
1
Suppose -3*z + 278 = -595. Suppose 0 = -6*t + z + 135. What is the tens digit of t?
7
Let c = -163214 + 229957. What is the ten thousands digit of c?
6
What is the hundreds digit of -159 + 145 - (-6383 - -1)?
3
Let y = -32 - -37. Supp